s 155094523 a composite number?
True
Is 230944216241 a prime number?
False
Is 137835017291 a prime number?
True
Is 8335773679 prime?
False
Is 20232180263 prime?
False
Is 1540820854 a prime number?
False
Is 215273671 composite?
False
Is 2116121965 composite?
True
Is 15046368373 prime?
True
Is 3450503159 a prime number?
True
Is 69416927 a composite number?
True
Is 198975263 composite?
False
Is 23946268127 prime?
True
Is 26499265903 a composite number?
True
Is 2610036085 a composite number?
True
Is 684121583 a composite number?
False
Is 32951206349 composite?
False
Is 82103291 a prime number?
True
Is 223864357 prime?
True
Is 1093846918 a prime number?
False
Is 1201819379 composite?
False
Is 926731199 composite?
False
Is 224486719 composite?
True
Is 67095807293 prime?
True
Is 9400907291 composite?
True
Is 2475155171 a composite number?
True
Is 3774877993 composite?
False
Is 2651970122 composite?
True
Is 38294983093 prime?
False
Is 27487915313 prime?
True
Is 2076354811 composite?
False
Is 2999052821 a prime number?
True
Is 3517608541 composite?
False
Is 40423396253 composite?
False
Is 19235844083 composite?
False
Is 1344343601 prime?
True
Is 8970481957 prime?
True
Is 425739731 prime?
True
Is 8467380871 prime?
False
Is 769135663 a composite number?
True
Is 14204898803 prime?
False
Is 4863100449 prime?
False
Is 10129643 a composite number?
True
Is 3832803929 composite?
True
Is 1994057089 composite?
True
Is 5134404173 a composite number?
False
Is 2692369579 composite?
True
Is 7448833523 prime?
False
Is 250401605339 a prime number?
True
Is 33909846209 a prime number?
True
Is 340111997 a prime number?
True
Is 1068371177 a prime number?
False
Is 100267521499 a prime number?
False
Is 951009443 a prime number?
True
Is 420316703 composite?
False
Is 11574366757 composite?
False
Is 2179852427 prime?
False
Is 5011767619 a composite number?
False
Is 552257161 a prime number?
True
Is 2523579869 prime?
False
Is 647932979 a prime number?
False
Is 6051100795 a prime number?
False
Is 5022843901 composite?
False
Is 641324443 prime?
True
Is 12370480027 a prime number?
False
Is 873257551 a composite number?
False
Is 223277729 composite?
False
Is 2622313361 composite?
True
Is 4218275839 prime?
True
Is 14378364307 a prime number?
True
Is 2673627647 prime?
False
Is 218147521 a prime number?
True
Is 805907611 prime?
False
Is 68179439171 composite?
False
Is 91176981053 composite?
False
Is 129184963795 a prime number?
False
Is 239235467 a composite number?
True
Is 598803833 prime?
True
Is 173918071 composite?
True
Is 7276439227 prime?
True
Is 557512271 composite?
False
Is 1284329503 a prime number?
True
Is 267778171 a prime number?
True
Is 7680512327 prime?
True
Is 549525841 a prime number?
True
Is 273773107 prime?
True
Is 14462449381 a prime number?
False
Is 65530711907 prime?
True
Is 2041887707 a prime number?
False
Is 4851087209 composite?
True
Is 1190093701 a prime number?
True
Is 1699044037 a composite number?
False
Is 3739517777 composite?
False
Is 499198241 a composite number?
True
Is 30632098571 prime?
True
Is 38434793393 a composite number?
True
Is 58052261 a prime number?
False
Is 13368233573 composite?
False
Is 14256436213 prime?
False
Is 1841701441 composite?
True
Is 29308630271 a composite number?
True
Is 5366640959 a prime number?
False
Is 11136353009 a prime number?
False
Is 6283114363 a composite number?
True
Is 15009529354 a composite number?
True
Is 15277524671 a composite number?
False
Is 10039576538 a composite number?
True
Is 628096633 a composite number?
True
Is 570707213 a composite number?
True
Is 2032427863 prime?
False
Is 14483840989 prime?
True
Is 67071425087 a prime number?
True
Is 53305056319 a prime number?
False
Is 2813255399 prime?
False
Is 1885191109 prime?
True
Is 130000231 prime?
False
Is 252713101 composite?
False
Is 38970751973 composite?
False
Is 4739306867 prime?
False
Is 338367476121 a prime number?
False
Is 169037837 a composite number?
True
Is 5004259802 prime?
False
Is 9760739731 prime?
True
Is 34092241919 composite?
True
Is 1064705801 a composite number?
True
Is 3237566239 a composite number?
False
Is 1620940793 composite?
False
Is 6128939617 a prime number?
True
Is 58496043841 prime?
True
Is 1551069535 prime?
False
Is 209550488023 prime?
True
Is 4791110161 a composite number?
True
Is 49734441091 composite?
True
Is 12282378659 a composite number?
True
Is 3424621153 composite?
False
Is 535110013 composite?
False
Is 5822733641 prime?
False
Is 555234503 prime?
False
Is 517073294 composite?
True
Is 3237306101 prime?
True
Is 5763300217 prime?
True
Is 41004591989 a composite number?
True
Is 1124874299 a prime number?
True
Is 5929215917 a prime number?
True
Is 877599883 a composite number?
True
Is 155600611 a composite number?
False
Is 11351525279 a composite number?
False
Is 90378283 prime?
True
Is 26471942911 composite?
True
Is 660418621 prime?
False
Is 189423121 a prime number?
False
Is 9425227289 a prime number?
False
Is 897129071 composite?
False
Is 1177965482 composite?
True
Is 11647183 composite?
True
Is 24709347239 a composite number?
False
Is 3904919301 a prime number?
False
Is 166511717 prime?
False
Is 1471260379 composite?
True
Is 7283962447 a prime number?
False
Is 871492907 composite?
True
Is 2037130897 a prime number?
False
Is 1562772383 composite?
True
Is 63273631159 a prime number?
True
Is 1570797751 a composite number?
True
Is 627319169 a prime number?
True
Is 384334127 prime?
True
Is 7853668201 composite?
False
Is 3142090867 a composite number?
False
Is 736646926 a prime number?
False
Is 191719943 composite?
True
Is 8456358679 a composite number?
False
Is 25656659659 a composite number?
False
Is 1546762859 prime?
True
Is 2155020731 prime?
False
Is 1168945373 a composite number?
True
Is 35953472201 a prime number?
True
Is 29985574001 prime?
True
Is 988564873 a prime number?
True
Is 30070331563 a composite number?
False
Is 16998219107 prime?
True
Is 81959747 composite?
True
Is 27128016511 a composite number?
False
Is 205528313 a composite number?
False
Is 344640377 a composite number?
True
Is 8331958883 a composite number?
True
Is 231433159 composite?
False
Is 86323941653 composite?
False
Is 43992493217 composite?
False
Is 103327933363 a composite number?
True
Is 4159121801 a prime number?
False
Is 15088813617 a composite number?
True
Is 24791869 a prime number?
True
Is 22173633271 prime?
False
Is 10845698581 prime?
False
Is 103006081 composite?
False
Is 28676648201 prime?
False
Is 38550504467 a prime number?
True
Is 39847177 a composite number?
False
Is 8557424599 a prime number?
True
Is 3657863427 composite?
True
Is 3141064963 prime?
True
Is 2124789853 prime?
True
Is 36460359239 a prime number?
True
Is 291784513 composite?
False
Is 34723895 a prime number?
False
Is 143817000761 prime?
False
Is 284086606 a prime number?
False
Is 633288727 a composite number?
True
Is 2703954179 a composite number?
True
Is 452787151 composite?
False
Is 30438701 composite?
True
Is 1312306321 composite?
False
Is 3034617778 a composite number?
True
Is 3558903365 prime?
False
Is 3767867111 a prime number?
False
Is 183007469 a composite number?
False
Is 34150181399 composite?
False
Is 73509860869 composite?
False
Is 3218951971 a composite number?
True
Is 33233896351 a composite number?
False
Is 471453553 a prime number?
True
Is 3635738753 a prime number?
True
Is 2581810131 prime?
False
Is 19695734791 a composite number?
False
Is 5035833051 a composite number?
True
Is 3371559757 prime?
False
Is 61024431081 prime?
False
Is 2143009655 a prime number?
False
Is 2755008727 prime?
False
Is 488658509 a composite number?
True
Is 8670657743 a prime number?
False
Is 408778499 composite?
True
Is 72425463081 a prime number?
False
Is 12898676491 a prime number?
True
Is 59855006297 prime?
False
Is 10468700087 prime?
False
Is 980716489 composite?
True
Is 33084464261 a prime number?
False
Is 163886167 prime?
False
Is 1507635853 a prime number?
False
Is 1547889617 prime?
True
Is 27306328067 a prime number?
False
Is 1177285553 composite?
False
Is 461349827 a prime number?
True
Is 9148490831 a prime number?
True
Is 5364955553 a composite number?
False
Is 37179467153 a composite number?
True
Is 87641649681 a prime number?
False
Is 496427809 prime?
False
Is 9438